))
5
Evaluate 0 + (-1 - 3) - -4.
0
What is (2 - 0) + -8 - -3?
-3
What is 0 - (-3 + (-1 - -7))?
-3
13 + 8 + -21 - (-1 + -4)
5
What is -138 + 122 + (6 - -1)?
-9
3 - (3 - (-2 - -5))
3
Calculate -16 - ((6 - 7) + -10).
-5
7 - (1 - (-1 + (3 - 4)))
4
Evaluate (0 - -8) + -11 + 9.
6
-2 + (11 - (8 + 7))
-6
-2 + 6 + 0 + 0
4
-3 - (10 - 4 - (11 + 3))
5
Calculate 8 + (13 - (32 - 3)).
-8
What is (0 - -4) + 1 - 0?
5
1 + (0 - (3 - 6)) + -3
1
What is the value of 0 - 2 - (2 - 2)?
-2
Evaluate (2 - (5 - (5 - 3))) + 4.
3
Calculate -135 + 149 + (-8 - 0).
6
Evaluate 0 - ((-7 - -1) + 4).
2
-8 - (4 + (0 - 5))
-7
Evaluate -1 + -3 + (-5 - 14 - -29).
6
Calculate 26 + -15 + (-2 - -1) + -4.
6
Calculate -1 - (-1 - (-1 + -4)) - -1.
-4
Evaluate (-1 - (7 - 0)) + 3 + 3.
-2
What is 13 - 14 - (3 + 4 + -8)?
0
6 + (1 - -2 - 2) + -4
3
What is -1 + 5 + -4 + -4?
-4
-1 + -7 - (-45 - -42)
-5
-10 + (-2 - (-5 - 2))
-5
Evaluate (14 + -1 - 22) + (2 - -4).
-3
What is -7 + -1 + -73 + 72 + 4?
-5
What is the value of 1 + 1 + 2 + 1 + 0?
5
What is -3 - -2 - (-6 + 10)?
-5
Calculate 12 + 9 + -13 + -7.
1
Calculate -10 - -6 - (0 - 5).
1
-7 + 2 + 1 + 8
4
Calculate 6 + 1 + -14 + 13 - -2.
8
Evaluate -7 + 2 - (-22 + 22).
-5
Evaluate 6 + (2 + -1 - 5).
2
(-5 - (-6 + 1 + -2)) + -1
1
(-7 - (5 + -6)) + 3 + 8
5
What is (8 - 1) + -24 + 16?
-1
What is the value of 0 + (1 - (3 + -5 + 0))?
3
Evaluate -1 + 0 + -1 + 5 + -7.
-4
What is the value of 4 - (-5 + 10 - -4)?
-5
Calculate -2 - (12 + 8 - 14).
-8
What is the value of -25 + 9 + 12 + 15?
11
What is the value of -9 - (-4 - (4 + -4))?
-5
-2 - (3 - -3) - -4
-4
What is -5 + 1 + 6 - (0 + 1)?
1
Evaluate -1 + -1 + 12 + -13.
-3
10 + -2 - (5 - -1)
2
Calculate 0 + -2 + 5 + -7 + 11.
7
Calculate (3 - -3) + 5 - 6.
5
-4 + (10 - -2 - 17)
-9
What is the value of 0 + (5 - 1) + 1?
5
10 - 7 - (3 + 2)
-2
Evaluate -11 - (-14 - (1 - 6)).
-2
1 - -2 - (1 - (1 + 5))
8
-1 + (1 - (-1 + -3) - 3)
1
What is 2 + (4 - (5 + -4))?
5
What is the value of (3 + 0 - 0) + -4?
-1
Evaluate (3 + 0 + 0 - 0) + -5.
-2
What is 3 - (-4 + (10 - 1))?
-2
Evaluate (-1 - (1 - -3)) + 0.
-5
Evaluate -8 - (-6 - -2) - (4 - 13).
5
Evaluate 1 + (-17 - (-14 + 7) - -7).
-2
What is the value of (2 - (0 + 1)) + (199 - 204)?
-4
What is 4 + -1 + -3 + 2?
2
-12 + (-3 - -11) - 2
-6
Evaluate -100 + 103 + (-1 + -9 - -2).
-5
Calculate -3 - (-6 - -3 - 7).
7
Evaluate 3 + 0 + (-10 - -3).
-4
(20 - 11) + -1 + -3
5
(1 - (-1 + -5)) + -9
-2
Evaluate 6 + (-6 - (2 + -4)).
2
Calculate 0 + -3 - (-3 + 3 - -1).
-4
Calculate -1 + 2 - 2 - (1 + -3).
1
What is the value of 0 + (1 - -1 - 1)?
1
Calculate 0 - 7 - (13 + -18).
-2
Calculate -7 + -9 + 5 + 4.
-7
7 + -6 + -6 + 1
-4
Calculate -1 + -1 + 1 - 1 - -3.
1
(3 - 1) + 1 - -1 - 2
2
What is (1 - (2 + -3)) + -2 + -4?
-4
What is -7 + 0 - (13 - 17)?
-3
What is the value of 5 + (-9 + 22 - 18)?
0
Evaluate (-5 - (-4 + -6)) + -2.
3
What is the value of (3 - -3 - 8) + -2?
-4
(54 - 49) + (-4 - (2 + -2))
1
What is the value of (-2 - (0 + -7)) + -4?
1
What is (-1 - 10) + -5 - (-7 + -1)?
-8
-3 + 4 + -6 - -11
6
(1 - (4 + (-2 - -2))) + 0
-3
8 - (-5 - -1 - (-17 - -9))
4
Evaluate (0 - (-7 - -10)) + 0.
-3
Evaluate 3 - -3 - (-2 + -2 - -17).
-7
(2 - 2) + (-5 - -5)
0
What is 1 + (0 - -1) - 4?
-2
What is 5 + -4 + -3 - (-13 - -11)?
0
What is 0 - (6 + 4 - 18)?
8
Evaluate -41 - -41 - (0 + -1 + 1).
0
(-7 - ((2 - 5) + -1)) + 7
4
Calculate 1 - (0 + 5 + -7 + -4).
7
Calculate (-27 - -19) + (-1 - -15).
6
Evaluate 2 + -2 + 1 - (0 + -1).
2
What is 2 - 0 - (-6 + 4)?
4
What is the value of (-1 + 0 - -5) + -6 + 0?
-2
Calculate -1 - (10 + -9) - 5.
-7
What is the value of 1 + (-5 - (-2 + -2))?
0
Evaluate -2 + -8 - (-4 + -13).
7
Calculate -7 - (-2 + -1 - 1) - -7.
4
(0 + -2 - (2 + -13)) + -1
8
Calculate (-9 - -8) + 2 + 4 + -2.
3
Calculate -1 - -10 - (3 - -3).
3
-7 + 12 + -8 + 0
-3
(8 - (1 - -10)) + 3
0
Evaluate (0 - 3) + 48 + -48 + 4.
1
What is (2 - (-5 - -1)) + 7 + -7?
6
Calculate -2 + (-1 - (4 + -2) - 0).
-5
What is the value of -8 + (11 - (-2 - -13))?
-8
What is the value of 3 + (-4 + 0 - -5)?
4
(3 - 0) + (3 + -4 - 4)
-2
What is the value of 2 + -3 - -6 - (3 - -1)?
1
Calculate 7 - (-1 + 18) - -5.
-5
What is the value of -4 + -2 + 5 + -5 + 5?
-1
Calculate (-2 - (-1 - 7)) + (-1 - 3).
2
Calculate (0 - 2 - (3 - -1)) + 1.
-5
What is the value of -2 + ((-7 - 3) + 5 - 0)?
-7
-6 + (3 - 4) - 0 - -3
-4
Calculate -3 + (-6 - (-10 - -9)).
-8
5 - (-1 + -4 + -2 + 11)
1
Evaluate (6 - 2) + 5 + (-5 - 4).
0
What is (-43 - -48) + 5 + (-5 - -2)?
7
Evaluate 1 + 0 + (-4 - -1) + -1.
-3
What is -16 - (-12 - (8 - 11))?
-7
Calculate -29 + 25 - ((6 - -1) + 0).
-11
Calculate -20 - -29 - (15 + 1).
-7
What is the value of (-21 - -12) + 13 + -12?
-8
What is the value of 3 + 0 + 2 + -7 + 5?
3
What is the value of 6 - ((-6 - 0) + -7 + 12)?
7
What is the value of -4 + 0 - (14 - 19)?
1
What is (6 - 10 - -1) + 6?
3
Calculate 2 + -2 + -2 + -10 + 13.
1
1 - 0 - (-3 - 1)
5
Evaluate 0 + -5 - (5 - 7).
-3
Calculate 4 - (-4 - (-3 - 8 - -4)).
1
What is -5 - (8 + -5 - 13)?
5
3 - (-4 + 0 + 7)
0
2 - (-4 - -5) - (2 + -3)
2
Calculate 1 - (-5 + (-6 - -8)).
4
Evaluate (6 - 2) + 1 + -2.
3
-3 - ((-4 - 3) + 5)
-1
Evaluate (-20 - (-20 - -9)) + 2.
-7
Calculate -3 + (2 - (-15 - -16)).
-2
Evaluate (0 - 0) + 14 + -9 + -7.
-2
What is 2 + 3 + 10 + -4 + -8?
3
What is the value of (-44 - -38) + (-1 - -10)?
3
What is the value of 0 - (-7 - (-1 - 0))?
6
Calculate 6 + -6 + 6 + 0.
6
Evaluate -5 - (6 + -5 + -5).
-1
What is the value of 7 - (-3 - -4) - 5?
1
Evaluate -31 - -35 - (-1 + 0).
5
What is the value of -5 + (3 + -5 - -2)?
-5
Calculate -7 - (6 - (-6 - -18)).
-1
8 - ((3 + -3 - -5) + -1)
4
Calculate 1 + -1 - (107 - 108).
1
Calculate -5 + 1 + 0 + (-5 - -9).
0
0 + (-9 - -12) + -3 + 0
0
Calculate (0 - -1) + -7 + 7 + -6.
-5
What is -4 + -2 + 3 + 5?
2
What is -1 + -6 - (0 - 2)?
-5
Calculate -1 + -1 + 7 + -7 + 0.
-2
Evaluate (-4 + 4 - -2) + (0 - 2).
0
What is the value of 6 - 4 - (-2 + 5)?
-1
Calculate 2 - 2 - (-2 + 7).
-5
Evaluate 6 - (2 + 1) - (-1 - -3).
1
Calculate 0 + (0 - (1 - (2 + -4))).
-3
Calculate 3 + -9 + (4 - 3 - 0).
-5
What is -2 + (-25 - -13) + 4?
-10
Evaluate -7 + (2 - (-2 - 1)).
-2
What is the value of -38 - -34 - (0 - 4)?
0
2 - (4 + 0 + -6)
4
Calculate (-18 - -8) + 8 - -2.
0
2 + -3 - 0 - (3 - 0)
-4
Calculate (36 - 35) + 0 + -6.
-5
What is the value of -15 + 10 - (-8 - 1)?
4
3 + -9 + (-4 - -4)
-6
Calculate -4 + -1 + -2 + 2 + 4.
-1
Calculate 0 + 5 + (-14 - -5).
-4
3 + -10 + (0 - -2)
-5
Calculate -8 - ((5 - -3) + -12).
-4
What is -3 - (6 - (0 - -6))?
-3
Calculate 21 - 18 - (5 + 0).
-2
What is the value of 16 + 0 - (-74 + 83)?
7
Evaluate 6 + -5 + (1 - (0 - -5)).
-3
Evaluate 11 + -8 + (-11 - -9).
1
What is the value of (-8 - -10) + (3 - 2)?
3
What is the value of (-1 - 0) + 6 + -7 + -1?
-3
Evaluate 11 + -24 + 19 - 9.
-3
Evaluate (2 - 3) + -1 + 1.
-1
What is 4 - (2 - (3 + -2))?
3
What is the value of 8 + 1 + -1 + -4?
4
What is (-3 - (4 + (2 - 7))) + 3?
1
Calculate -7 + 3 + -4 + 2 + 3.
-3
Evaluate -3 - ((-25 - -26) + -1 + -5).
2
Evaluate 6 + -3 + 3 - 4.
2
What is the value of -13 - (-7 - -2) - -4?
-4
6 + 2 + (-8 - -6) - 1
5
(-2 - 0 - (3 + -1)) + 0
-4
-3 + -1 + 12 + (-21 - -15)
2
-9 + 13 + (-2 - (-3 + 1))
4
Evaluate -1 - (-6 - (7 + -6 - 2)).
4
What is the value of (-6 - (-2 + (-8 - -5))) + 2?
1
Calculate 10 + -15 - 1 - (-8 + 1).
1
What is the value of 0 - (-2 + -3 + 11)?
-6
Calculate -18 - (14 - (5 + 17)).
-10
What is the value of 2 - (-2 - (-12 - (-2 + -2)))?
-4
Evaluate -6 + 0 - (7 - 4 - 12).
3
What is 6 - 1 - (9 + 0)?
-4
Evaluate (-11 - -15 - 10) + 2 + 1.
-3
Evaluate 5 + 7 + -10 + 11 + -3.
10
Evaluate (-3 - -2) + 3 - 2 - 2.
-2
What is the value of (-3 - -4) + -7 + 2?
-4
What is the value of 9 + -18 + (9 - 4)?
-4
(-11 - -9 - 7) + 2
-7
Evaluate -1 - 2 - (-3 - (-4 + -1)).
-5
Evaluate 2 - (6 + (3 - 6)).
-1
(1 - (0 - 0)) + -1 + -1
-1
What is (-13 - -4) + 11 + -7 - -7?
2
Calculate 1 + -4 - (-1 + 0 - 6).
4
What is the value of (12 - 6) + -3 - (2 + 0)?
1
What is 0 - 2 - (-4 + 6 - 3)?
-1
What is the value of 0 + (-2 - -1 - 1) - -2?
0
Evaluate 2 + (3 + -4 - 1) - 0.
0
8 + 0 + -9 - 0
-1
Calculate -120 + 116 + 6 + -1.
1
What is the value of (10 - 1 - 5) + -2?
2
Evaluate -11 - (11 - (4 + 12)).
-6
Evaluate 3 - (7 + 2 + -6).
0
What is 0 - 1 - (-2 + 9 + -11)?
3
What is the value of 0 + -3 + (-1 - (-2 - -1))?
